
-65
What is 0 (base 10) in base 9?
0
Convert d2 (base 16) to base 10.
210
Convert -10 (base 11) to base 6.
-15
-178 (base 15) to base 7
-662
12 (base 3) to base 14
5
What is 32 (base 12) in base 7?
53
Convert -2200 (base 5) to base 13.
-1a1
What is 0 (base 11) in base 16?
0
Convert -1010 (base 2) to base 9.
-11
-31 (base 5) to base 2
-10000
What is -22 (base 8) in base 5?
-33
314 (base 7) to base 13
c2
25 (base 8) to base 16
15
30 (base 11) to base 12
29
Convert -60 (base 15) to base 12.
-76
0 (base 13) to base 6
0
-3 (base 5) to base 16
-3
Convert 6 (base 12) to base 8.
6
Convert 3 (base 11) to base 3.
10
66 (base 12) to base 3
2220
6 (base 7) to base 6
10
15 (base 9) to base 2
1110
Convert -10 (base 16) to base 4.
-100
Convert 130 (base 5) to base 13.
31
What is -8 (base 14) in base 2?
-1000
What is -8 (base 15) in base 9?
-8
42 (base 13) to base 11
4a
Convert -38 (base 9) to base 16.
-23
What is -100 (base 2) in base 16?
-4
113 (base 8) to base 2
1001011
Convert -120 (base 3) to base 2.
-1111
-27 (base 11) to base 2
-11101
Convert -78 (base 12) to base 9.
-112
Convert -7 (base 15) to base 10.
-7
What is -5c (base 13) in base 9?
-85
Convert 55 (base 7) to base 12.
34
What is -10111100 (base 2) in base 13?
-116
What is -21 (base 10) in base 3?
-210
What is 0 (base 14) in base 4?
0
238 (base 11) to base 4
10123
Convert 13 (base 14) to base 7.
23
What is -51 (base 7) in base 9?
-40
-d (base 15) to base 8
-15
1 (base 10) to base 13
1
Convert 144 (base 9) to base 12.
a1
What is -4 (base 7) in base 2?
-100
What is 23 (base 4) in base 2?
1011
Convert 10 (base 5) to base 3.
12
What is 10 (base 2) in base 8?
2
-1 (base 5) to base 11
-1
What is -114 (base 9) in base 13?
-73
5 (base 6) to base 2
101
What is 10 (base 6) in base 5?
11
Convert 26 (base 16) to base 10.
38
Convert 1 (base 8) to base 15.
1
3 (base 8) to base 2
11
0 (base 13) to base 15
0
What is -6 (base 8) in base 4?
-12
What is -12 (base 12) in base 6?
-22
-22 (base 10) to base 5
-42
2 (base 5) to base 11
2
Convert 1143 (base 5) to base 14.
c5
What is -24a (base 12) in base 11?
-295
2 (base 6) to base 15
2
Convert 4 (base 11) to base 12.
4
-4 (base 10) to base 6
-4
Convert -1 (base 5) to base 13.
-1
What is 13 (base 5) in base 7?
11
1 (base 14) to base 11
1
20 (base 13) to base 14
1c
Convert 2 (base 14) to base 13.
2
Convert 3 (base 16) to base 7.
3
Convert -101 (base 3) to base 11.
-a
What is -5 (base 7) in base 16?
-5
Convert -4 (base 14) to base 16.
-4
Convert 1 (base 14) to base 15.
1
Convert -2 (base 6) to base 7.
-2
Convert 5 (base 9) to base 6.
5
-11011 (base 2) to base 16
-1b
111 (base 2) to base 11
7
1 (base 4) to base 3
1
What is -121 (base 5) in base 8?
-44
Convert 0 (base 11) to base 9.
0
Convert 5 (base 16) to base 15.
5
What is 10011 (base 2) in base 9?
21
Convert 0 (base 12) to base 8.
0
Convert 100010 (base 2) to base 5.
114
3 (base 7) to base 13
3
Convert 77 (base 12) to base 3.
10101
-c (base 13) to base 11
-11
-1 (base 16) to base 15
-1
Convert 18 (base 14) to base 6.
34
-11 (base 3) to base 9
-4
What is -31 (base 14) in base 3?
-1121
100 (base 2) to base 12
4
What is 8 (base 15) in base 6?
12
Convert -11 (base 14) to base 8.
-17
Convert -122 (base 4) to base 8.
-32
15 (base 13) to base 3
200
b (base 12) to base 14
b
Convert 95 (base 10) to base 13.
74
What is -60 (base 10) in base 8?
-74
What is -10 (base 9) in base 6?
-13
What is -14 (base 5) in base 12?
-9
Convert -225 (base 9) to base 12.
-135
What is 0 (base 16) in base 6?
0
Convert -351 (base 7) to base 2.
-10110111
Convert 3 (base 7) to base 5.
3
Convert 10001001 (base 2) to base 7.
254
Convert -40 (base 5) to base 4.
-110
What is -121 (base 12) in base 14?
-c1
What is -21 (base 11) in base 6?
-35
2 (base 16) to base 13
2
1 (base 12) to base 4
1
34 (base 5) to base 14
15
What is -19 (base 15) in base 11?
-22
What is 31 (base 12) in base 5?
122
Convert b (base 12) to base 5.
21
What is 5 (base 16) in base 11?
5
2 (base 12) to base 6
2
What is 1020 (base 4) in base 8?
110
Convert -266 (base 7) to base 13.
-b3
1111 (base 2) to base 13
12
What is 1 (base 10) in base 15?
1
What is 6 (base 7) in base 4?
12
What is 131 (base 7) in base 5?
241
Convert -100101 (base 2) to base 16.
-25
What is -1 (base 16) in base 10?
-1
Convert -151 (base 8) to base 3.
-10220
-2 (base 15) to base 12
-2
What is -1 (base 4) in base 15?
-1
What is -102 (base 3) in base 7?
-14
40 (base 11) to base 2
101100
1422 (base 5) to base 7
456
Convert -110 (base 3) to base 6.
-20
What is 11 (base 14) in base 7?
21
Convert 5 (base 10) to base 9.
5
Convert 19 (base 10) to base 7.
25
What is 1 (base 8) in base 5?
1
Convert -3 (base 7) to base 12.
-3
What is -5 (base 16) in base 6?
-5
What is -203 (base 4) in base 13?
-29
-30 (base 13) to base 9
-43
-47 (base 10) to base 14
-35
What is d (base 15) in base 2?
1101
Convert 71 (base 9) to base 5.
224
Convert -6 (base 14) to base 6.
-10
Convert -331 (base 5) to base 16.
-5b
What is -6e (base 16) in base 2?
-1101110
11 (base 3) to base 2
100
Convert -2 (base 14) to base 10.
-2
What is -10120 (base 3) in base 6?
-240
What is 5 (base 8) in base 6?
5
What is -33 (base 10) in base 9?
-36
Convert -2 (base 9) to base 13.
-2
Convert 16 (base 12) to base 2.
10010
-43 (base 5) to base 3
-212
What is -2 (base 14) in base 9?
-2
-3 (base 13) to base 16
-3
Convert 155 (base 8) to base 2.
1101101
Convert -148 (base 9) to base 7.
-236
Convert -16 (base 7) to base 12.
-11
-22 (base 3) to base 11
-8
Convert -1 (base 6) to base 13.
-1
-101101 (base 2) to base 5
-140
-b (base 13) to base 6
-15
Convert 10 (base 4) to base 13.
4
What is -7 (base 14) in base 7?
-10
10220 (base 4) to base 13
19a
What is -132 (base 10) in base 13?
-a2
-3 (base 8) to base 14
-3
What is 11 (base 6) in base 11?
7
Convert 2 (base 12) to base 16.
2
Convert -1 (base 10) to base 9.
-1
Convert -17 (base 15) to base 13.
-19
7e (base 15) to base 11
a9
1002 (base 7) to base 12
249
Convert -1 (base 10) to base 6.
-1
-25 (base 8) to base 15
-16
What is 2 (base 7) in base 15?
2
Convert -13 (base 8) to base 5.
-21
Convert -10 (base 4) to base 11.
-4
Convert -d (base 15) to base 8.
-15
Convert 2 (base 16) to base 6.
2
10 (base 2) to base 4
2
What is -2c (base 14) in base 3?
-1111
-20 (base 8) to base 16
-10
Convert 3 (base 7) to base 15.
3
0 (base 7) to base 10
0
-2 (base 7) to base 16
-2
-14 (base 8) to base 3
-110
Convert 4 (base 16) to base 13.
4
Convert -8 (base 14) to base 6.
-12
Convert 5 (base 7) to base 13.
5
10110 (base 3) to base 12
79
-1202 (base 4) to base 11
-8a
What is 13 (base 11) in base 9?
15
Convert -1 (base 8) to base 10.
-1
What is -340 (base 10) in base 6?
-1324
Convert -23 (base 7) to base 14.
-13
What is -1001 (base 3) in base 10?
-28
What is -10111 (base 2) in base 10?
-23
Convert -bb (base 12) to base 7.
-263
What is 1 (base 11) in base 10?
1
What is -23 (base 14) in base 6?
-51
23 (base 4) to base 12
b
Convert -27 (base 11) to base 8.
-35
Convert -3 (base 15) to base 13.
-3
11 (base 15) to base 12
14
What is 13 (base 14) in base 4?
101
-1 (base 12) to base 16
-1
Convert -14 (base 13) to base 8.
-21
-1 (base 2) to base 12
-1
3 (base 4) to base 5
3
36 (base 14) to base 4
300
-1 (base 14) to base 6
-1
Convert -7 (base 10) to base 4.
-13
Convert -22 (base 5) to base 10.
-12
What is -3 (base 7) in base 12?
-3
2b (base 12) to base 16
23
-157 (base 10) to base 13
-c1
What is 6 (base 16) in base 7?
6
Convert 59 (base 14) to base 6.
211
What is 8 (base 11) in base 9?
8
What is 28 (base 16) in base 9?
44
What is 111 (base 7) in base 8?
71
-11001101 (base 2) to base 6
-541
What is -3 (base 6) in base 11?
-3
-6d (base 14) to base 6
-241
Convert -133 (base 6) to base 10.
-57
-203 (base 6) to base 5
-300
Convert 1 (base 10) to base 16.
1
Convert a (base 15) to base 14.
a
-4d (base 16) to base 2
-1001101
Convert 10 (base 6) to base 2.
110
What is -a7 (base 13) in base 8?
-211
-8 (base 13) to base 6
-12
-c6 (base 13) to base 4
-2202
What is -6 (base 16) in base 5?
-11
What is 7 (base 16) in base 2?
111
Convert -4a (base 14) to base 4.
-1002
What is -201 (base 4) in base 14?
-25
-141 (base 6) to base 9
-67
237 (base 8) to base 2
10011111
Convert -3 (base 5) to base 9.
-3
What is 258 (base 13) in base 3?
120020
What is 2 (base 3) in base 10?
2
3 (base 14